{"id":1122,"date":"2013-12-11T07:21:51","date_gmt":"2013-12-11T07:21:51","guid":{"rendered":"http:\/\/themes.goodlayers2.com\/flawless\/?page_id=1122"},"modified":"2025-02-03T11:54:43","modified_gmt":"2025-02-03T11:54:43","slug":"sobre-a-academia","status":"publish","type":"page","link":"https:\/\/apan.pt\/academia\/sobre-a-academia\/","title":{"rendered":"Sobre a Academia"},"content":{"rendered":"","protected":false},"excerpt":{"rendered":"","protected":false},"author":1,"featured_media":0,"parent":0,"menu_order":0,"comment_status":"closed","ping_status":"closed","template":"","meta":{"_monsterinsights_skip_tracking":false,"_monsterinsights_sitenote_active":false,"_monsterinsights_sitenote_note":"","_monsterinsights_sitenote_category":0},"yoast_head":"<!-- This site is optimized with the Yoast SEO plugin v19.12 - https:\/\/yoast.com\/wordpress\/plugins\/seo\/ -->\n<title>Academia APAN - Forma\u00e7\u00f5es em Marketing Digital e Comunica\u00e7\u00e3o<\/title>\n<meta name=\"description\" content=\"Lan\u00e7ada em maio de 2012, a Academia APAN tem como miss\u00e3o contribuir para elevar os padr\u00f5es profissionais em marketing digital e comunica\u00e7\u00e3o. Saiba mais!\" \/>\n<meta name=\"robots\" content=\"index, follow, max-snippet:-1, max-image-preview:large, max-video-preview:-1\" \/>\n<link rel=\"canonical\" href=\"https:\/\/apan.pt\/academia\/sobre-a-academia\/\" \/>\n<meta property=\"og:locale\" content=\"pt_PT\" \/>\n<meta property=\"og:type\" content=\"article\" \/>\n<meta property=\"og:title\" content=\"Academia APAN - Forma\u00e7\u00f5es em Marketing Digital e Comunica\u00e7\u00e3o\" \/>\n<meta property=\"og:description\" content=\"Lan\u00e7ada em maio de 2012, a Academia APAN tem como miss\u00e3o contribuir para elevar os padr\u00f5es profissionais em marketing digital e comunica\u00e7\u00e3o. Saiba mais!\" \/>\n<meta property=\"og:url\" content=\"https:\/\/apan.pt\/academia\/sobre-a-academia\/\" \/>\n<meta property=\"og:site_name\" content=\"Academia APAN\" \/>\n<meta property=\"article:publisher\" content=\"https:\/\/www.facebook.com\/academiaapan\/?epa=SEARCH_BOX\" \/>\n<meta property=\"article:modified_time\" content=\"2025-02-03T11:54:43+00:00\" \/>\n<meta name=\"twitter:card\" content=\"summary_large_image\" \/>\n<script type=\"application\/ld+json\" class=\"yoast-schema-graph\">{\"@context\":\"https:\/\/schema.org\",\"@graph\":[{\"@type\":\"WebPage\",\"@id\":\"https:\/\/apan.pt\/academia\/sobre-a-academia\/\",\"url\":\"https:\/\/apan.pt\/academia\/sobre-a-academia\/\",\"name\":\"Academia APAN - Forma\u00e7\u00f5es em Marketing Digital e Comunica\u00e7\u00e3o\",\"isPartOf\":{\"@id\":\"https:\/\/apan.pt\/academia\/#website\"},\"datePublished\":\"2013-12-11T07:21:51+00:00\",\"dateModified\":\"2025-02-03T11:54:43+00:00\",\"description\":\"Lan\u00e7ada em maio de 2012, a Academia APAN tem como miss\u00e3o contribuir para elevar os padr\u00f5es profissionais em marketing digital e comunica\u00e7\u00e3o. Saiba mais!\",\"breadcrumb\":{\"@id\":\"https:\/\/apan.pt\/academia\/sobre-a-academia\/#breadcrumb\"},\"inLanguage\":\"pt-PT\",\"potentialAction\":[{\"@type\":\"ReadAction\",\"target\":[\"https:\/\/apan.pt\/academia\/sobre-a-academia\/\"]}]},{\"@type\":\"BreadcrumbList\",\"@id\":\"https:\/\/apan.pt\/academia\/sobre-a-academia\/#breadcrumb\",\"itemListElement\":[{\"@type\":\"ListItem\",\"position\":1,\"name\":\"In\u00edcio\",\"item\":\"https:\/\/apan.pt\/academia\/\"},{\"@type\":\"ListItem\",\"position\":2,\"name\":\"Sobre a Academia\"}]},{\"@type\":\"WebSite\",\"@id\":\"https:\/\/apan.pt\/academia\/#website\",\"url\":\"https:\/\/apan.pt\/academia\/\",\"name\":\"Academia APAN\",\"description\":\"Ensina quem sabe\",\"potentialAction\":[{\"@type\":\"SearchAction\",\"target\":{\"@type\":\"EntryPoint\",\"urlTemplate\":\"https:\/\/apan.pt\/academia\/?s={search_term_string}\"},\"query-input\":\"required name=search_term_string\"}],\"inLanguage\":\"pt-PT\"}]}<\/script>\n<!-- \/ Yoast SEO plugin. -->","yoast_head_json":{"title":"Academia APAN - Forma\u00e7\u00f5es em Marketing Digital e Comunica\u00e7\u00e3o","description":"Lan\u00e7ada em maio de 2012, a Academia APAN tem como miss\u00e3o contribuir para elevar os padr\u00f5es profissionais em marketing digital e comunica\u00e7\u00e3o. Saiba mais!","robots":{"index":"index","follow":"follow","max-snippet":"max-snippet:-1","max-image-preview":"max-image-preview:large","max-video-preview":"max-video-preview:-1"},"canonical":"https:\/\/apan.pt\/academia\/sobre-a-academia\/","og_locale":"pt_PT","og_type":"article","og_title":"Academia APAN - Forma\u00e7\u00f5es em Marketing Digital e Comunica\u00e7\u00e3o","og_description":"Lan\u00e7ada em maio de 2012, a Academia APAN tem como miss\u00e3o contribuir para elevar os padr\u00f5es profissionais em marketing digital e comunica\u00e7\u00e3o. Saiba mais!","og_url":"https:\/\/apan.pt\/academia\/sobre-a-academia\/","og_site_name":"Academia APAN","article_publisher":"https:\/\/www.facebook.com\/academiaapan\/?epa=SEARCH_BOX","article_modified_time":"2025-02-03T11:54:43+00:00","twitter_card":"summary_large_image","schema":{"@context":"https:\/\/schema.org","@graph":[{"@type":"WebPage","@id":"https:\/\/apan.pt\/academia\/sobre-a-academia\/","url":"https:\/\/apan.pt\/academia\/sobre-a-academia\/","name":"Academia APAN - Forma\u00e7\u00f5es em Marketing Digital e Comunica\u00e7\u00e3o","isPartOf":{"@id":"https:\/\/apan.pt\/academia\/#website"},"datePublished":"2013-12-11T07:21:51+00:00","dateModified":"2025-02-03T11:54:43+00:00","description":"Lan\u00e7ada em maio de 2012, a Academia APAN tem como miss\u00e3o contribuir para elevar os padr\u00f5es profissionais em marketing digital e comunica\u00e7\u00e3o. Saiba mais!","breadcrumb":{"@id":"https:\/\/apan.pt\/academia\/sobre-a-academia\/#breadcrumb"},"inLanguage":"pt-PT","potentialAction":[{"@type":"ReadAction","target":["https:\/\/apan.pt\/academia\/sobre-a-academia\/"]}]},{"@type":"BreadcrumbList","@id":"https:\/\/apan.pt\/academia\/sobre-a-academia\/#breadcrumb","itemListElement":[{"@type":"ListItem","position":1,"name":"In\u00edcio","item":"https:\/\/apan.pt\/academia\/"},{"@type":"ListItem","position":2,"name":"Sobre a Academia"}]},{"@type":"WebSite","@id":"https:\/\/apan.pt\/academia\/#website","url":"https:\/\/apan.pt\/academia\/","name":"Academia APAN","description":"Ensina quem sabe","potentialAction":[{"@type":"SearchAction","target":{"@type":"EntryPoint","urlTemplate":"https:\/\/apan.pt\/academia\/?s={search_term_string}"},"query-input":"required name=search_term_string"}],"inLanguage":"pt-PT"}]}},"_links":{"self":[{"href":"https:\/\/apan.pt\/academia\/wp-json\/wp\/v2\/pages\/1122"}],"collection":[{"href":"https:\/\/apan.pt\/academia\/wp-json\/wp\/v2\/pages"}],"about":[{"href":"https:\/\/apan.pt\/academia\/wp-json\/wp\/v2\/types\/page"}],"author":[{"embeddable":true,"href":"https:\/\/apan.pt\/academia\/wp-json\/wp\/v2\/users\/1"}],"replies":[{"embeddable":true,"href":"https:\/\/apan.pt\/academia\/wp-json\/wp\/v2\/comments?post=1122"}],"version-history":[{"count":11,"href":"https:\/\/apan.pt\/academia\/wp-json\/wp\/v2\/pages\/1122\/revisions"}],"predecessor-version":[{"id":11073,"href":"https:\/\/apan.pt\/academia\/wp-json\/wp\/v2\/pages\/1122\/revisions\/11073"}],"wp:attachment":[{"href":"https:\/\/apan.pt\/academia\/wp-json\/wp\/v2\/media?parent=1122"}],"curies":[{"name":"wp","href":"https:\/\/api.w.org\/{rel}","templated":true}]}}

<!-- This site is optimized with the Yoast SEO plugin v19.12 - https://yoast.com/wordpress/plugins/seo/ -->
<title>Academia APAN - Formações em Marketing Digital e Comunicação</title>
<meta name="description" content="Lançada em maio de 2012, a Academia APAN tem como missão contribuir para elevar os padrões profissionais em marketing digital e comunicação. Saiba mais!" />
<meta name="robots" content="index, follow, max-snippet:-1, max-image-preview:large, max-video-preview:-1" />
<link rel="canonical" href="https://apan.pt/academia/sobre-a-academia/" />
<meta property="og:locale" content="pt_PT" />
<meta property="og:type" content="article" />
<meta property="og:title" content="Academia APAN - Formações em Marketing Digital e Comunicação" />
<meta property="og:description" content="Lançada em maio de 2012, a Academia APAN tem como missão contribuir para elevar os padrões profissionais em marketing digital e comunicação. Saiba mais!" />
<meta property="og:url" content="https://apan.pt/academia/sobre-a-academia/" />
<meta property="og:site_name" content="Academia APAN" />
<meta property="article:publisher" content="https://www.facebook.com/academiaapan/?epa=SEARCH_BOX" />
<meta property="article:modified_time" content="2025-02-03T11:54:43+00:00" />
<meta name="twitter:card" content="summary_large_image" />
<script type="application/ld+json" class="yoast-schema-graph">{"@context":"https://schema.org","@graph":[{"@type":"WebPage","@id":"https://apan.pt/academia/sobre-a-academia/","url":"https://apan.pt/academia/sobre-a-academia/","name":"Academia APAN - Formações em Marketing Digital e Comunicação","isPartOf":{"@id":"https://apan.pt/academia/#website"},"datePublished":"2013-12-11T07:21:51+00:00","dateModified":"2025-02-03T11:54:43+00:00","description":"Lançada em maio de 2012, a Academia APAN tem como missão contribuir para elevar os padrões profissionais em marketing digital e comunicação. Saiba mais!","breadcrumb":{"@id":"https://apan.pt/academia/sobre-a-academia/#breadcrumb"},"inLanguage":"pt-PT","potentialAction":[{"@type":"ReadAction","target":["https://apan.pt/academia/sobre-a-academia/"]}]},{"@type":"BreadcrumbList","@id":"https://apan.pt/academia/sobre-a-academia/#breadcrumb","itemListElement":[{"@type":"ListItem","position":1,"name":"Início","item":"https://apan.pt/academia/"},{"@type":"ListItem","position":2,"name":"Sobre a Academia"}]},{"@type":"WebSite","@id":"https://apan.pt/academia/#website","url":"https://apan.pt/academia/","name":"Academia APAN","description":"Ensina quem sabe","potentialAction":[{"@type":"SearchAction","target":{"@type":"EntryPoint","urlTemplate":"https://apan.pt/academia/?s={search_term_string}"},"query-input":"required name=search_term_string"}],"inLanguage":"pt-PT"}]}</script>
<!-- / Yoast SEO plugin. -->

Academia APAN - Formações em Marketing Digital e Comunicação

Lançada em maio de 2012, a Academia APAN tem como missão contribuir para elevar os padrões profissionais em marketing digital e comunicação. Saiba mais!

Início
