{"id":4274,"date":"2016-08-07T15:55:22","date_gmt":"2016-08-07T14:55:22","guid":{"rendered":"http:\/\/academia.apan.mailayout.com\/?page_id=4274"},"modified":"2024-12-09T12:47:49","modified_gmt":"2024-12-09T12:47:49","slug":"calendario","status":"publish","type":"page","link":"https:\/\/apan.pt\/academia\/cursos\/calendario\/","title":{"rendered":"Calend\u00e1rio"},"content":{"rendered":"","protected":false},"excerpt":{"rendered":"","protected":false},"author":1,"featured_media":0,"parent":3133,"menu_order":0,"comment_status":"closed","ping_status":"closed","template":"template-table.php","meta":{"_monsterinsights_skip_tracking":false,"_monsterinsights_sitenote_active":false,"_monsterinsights_sitenote_note":"","_monsterinsights_sitenote_category":0},"yoast_head":"<!-- This site is optimized with the Yoast SEO plugin v19.12 - https:\/\/yoast.com\/wordpress\/plugins\/seo\/ -->\n<title>Calend\u00e1rio Geral - Academia APAN - Marketing Digital e Comunica\u00e7\u00e3o<\/title>\n<meta name=\"description\" content=\"Veja o calend\u00e1rio das forma\u00e7\u00f5es na \u00e1rea do Marketing Digital e Comunica\u00e7\u00e3o que a Academia APAN disponibiliza ao longo do ano.\" \/>\n<meta name=\"robots\" content=\"index, follow, max-snippet:-1, max-image-preview:large, max-video-preview:-1\" \/>\n<link rel=\"canonical\" href=\"https:\/\/apan.pt\/academia\/cursos\/calendario\/\" \/>\n<meta property=\"og:locale\" content=\"pt_PT\" \/>\n<meta property=\"og:type\" content=\"article\" \/>\n<meta property=\"og:title\" content=\"Calend\u00e1rio Geral - Academia APAN - Marketing Digital e Comunica\u00e7\u00e3o\" \/>\n<meta property=\"og:description\" content=\"Veja o calend\u00e1rio das forma\u00e7\u00f5es na \u00e1rea do Marketing Digital e Comunica\u00e7\u00e3o que a Academia APAN disponibiliza ao longo do ano.\" \/>\n<meta property=\"og:url\" content=\"https:\/\/apan.pt\/academia\/cursos\/calendario\/\" \/>\n<meta property=\"og:site_name\" content=\"Academia APAN\" \/>\n<meta property=\"article:publisher\" content=\"https:\/\/www.facebook.com\/academiaapan\/?epa=SEARCH_BOX\" \/>\n<meta property=\"article:modified_time\" content=\"2024-12-09T12:47:49+00:00\" \/>\n<meta property=\"og:image\" content=\"https:\/\/apan.pt\/academia\/wp-content\/uploads\/2019\/05\/cursos-formacoes-marketing-digital-seo-social-media.jpg\" \/>\n\t<meta property=\"og:image:width\" content=\"1200\" \/>\n\t<meta property=\"og:image:height\" content=\"630\" \/>\n\t<meta property=\"og:image:type\" content=\"image\/jpeg\" \/>\n<meta name=\"twitter:card\" content=\"summary_large_image\" \/>\n<meta name=\"twitter:title\" content=\"Calend\u00e1rio Geral - Academia APAN - Marketing Digital e Comunica\u00e7\u00e3o\" \/>\n<meta name=\"twitter:description\" content=\"Veja o calend\u00e1rio das forma\u00e7\u00f5es na \u00e1rea do Marketing Digital e Comunica\u00e7\u00e3o que a Academia APAN disponibiliza ao longo do ano.\" \/>\n<meta name=\"twitter:image\" content=\"https:\/\/apan.pt\/academia\/wp-content\/uploads\/2019\/05\/cursos-formacoes-marketing-digital-seo-social-media.jpg\" \/>\n<script type=\"application\/ld+json\" class=\"yoast-schema-graph\">{\"@context\":\"https:\/\/schema.org\",\"@graph\":[{\"@type\":\"WebPage\",\"@id\":\"https:\/\/apan.pt\/academia\/cursos\/calendario\/\",\"url\":\"https:\/\/apan.pt\/academia\/cursos\/calendario\/\",\"name\":\"Calend\u00e1rio Geral - Academia APAN - Marketing Digital e Comunica\u00e7\u00e3o\",\"isPartOf\":{\"@id\":\"https:\/\/apan.pt\/academia\/#website\"},\"datePublished\":\"2016-08-07T14:55:22+00:00\",\"dateModified\":\"2024-12-09T12:47:49+00:00\",\"description\":\"Veja o calend\u00e1rio das forma\u00e7\u00f5es na \u00e1rea do Marketing Digital e Comunica\u00e7\u00e3o que a Academia APAN disponibiliza ao longo do ano.\",\"breadcrumb\":{\"@id\":\"https:\/\/apan.pt\/academia\/cursos\/calendario\/#breadcrumb\"},\"inLanguage\":\"pt-PT\",\"potentialAction\":[{\"@type\":\"ReadAction\",\"target\":[\"https:\/\/apan.pt\/academia\/cursos\/calendario\/\"]}]},{\"@type\":\"BreadcrumbList\",\"@id\":\"https:\/\/apan.pt\/academia\/cursos\/calendario\/#breadcrumb\",\"itemListElement\":[{\"@type\":\"ListItem\",\"position\":1,\"name\":\"In\u00edcio\",\"item\":\"https:\/\/apan.pt\/academia\/\"},{\"@type\":\"ListItem\",\"position\":2,\"name\":\"Cursos\",\"item\":\"https:\/\/apan.pt\/academia\/cursos\/\"},{\"@type\":\"ListItem\",\"position\":3,\"name\":\"Calend\u00e1rio\"}]},{\"@type\":\"WebSite\",\"@id\":\"https:\/\/apan.pt\/academia\/#website\",\"url\":\"https:\/\/apan.pt\/academia\/\",\"name\":\"Academia APAN\",\"description\":\"Ensina quem sabe\",\"potentialAction\":[{\"@type\":\"SearchAction\",\"target\":{\"@type\":\"EntryPoint\",\"urlTemplate\":\"https:\/\/apan.pt\/academia\/?s={search_term_string}\"},\"query-input\":\"required name=search_term_string\"}],\"inLanguage\":\"pt-PT\"}]}<\/script>\n<!-- \/ Yoast SEO plugin. -->","yoast_head_json":{"title":"Calend\u00e1rio Geral - Academia APAN - Marketing Digital e Comunica\u00e7\u00e3o","description":"Veja o calend\u00e1rio das forma\u00e7\u00f5es na \u00e1rea do Marketing Digital e Comunica\u00e7\u00e3o que a Academia APAN disponibiliza ao longo do ano.","robots":{"index":"index","follow":"follow","max-snippet":"max-snippet:-1","max-image-preview":"max-image-preview:large","max-video-preview":"max-video-preview:-1"},"canonical":"https:\/\/apan.pt\/academia\/cursos\/calendario\/","og_locale":"pt_PT","og_type":"article","og_title":"Calend\u00e1rio Geral - Academia APAN - Marketing Digital e Comunica\u00e7\u00e3o","og_description":"Veja o calend\u00e1rio das forma\u00e7\u00f5es na \u00e1rea do Marketing Digital e Comunica\u00e7\u00e3o que a Academia APAN disponibiliza ao longo do ano.","og_url":"https:\/\/apan.pt\/academia\/cursos\/calendario\/","og_site_name":"Academia APAN","article_publisher":"https:\/\/www.facebook.com\/academiaapan\/?epa=SEARCH_BOX","article_modified_time":"2024-12-09T12:47:49+00:00","og_image":[{"width":1200,"height":630,"url":"https:\/\/apan.pt\/academia\/wp-content\/uploads\/2019\/05\/cursos-formacoes-marketing-digital-seo-social-media.jpg","type":"image\/jpeg"}],"twitter_card":"summary_large_image","twitter_title":"Calend\u00e1rio Geral - Academia APAN - Marketing Digital e Comunica\u00e7\u00e3o","twitter_description":"Veja o calend\u00e1rio das forma\u00e7\u00f5es na \u00e1rea do Marketing Digital e Comunica\u00e7\u00e3o que a Academia APAN disponibiliza ao longo do ano.","twitter_image":"https:\/\/apan.pt\/academia\/wp-content\/uploads\/2019\/05\/cursos-formacoes-marketing-digital-seo-social-media.jpg","schema":{"@context":"https:\/\/schema.org","@graph":[{"@type":"WebPage","@id":"https:\/\/apan.pt\/academia\/cursos\/calendario\/","url":"https:\/\/apan.pt\/academia\/cursos\/calendario\/","name":"Calend\u00e1rio Geral - Academia APAN - Marketing Digital e Comunica\u00e7\u00e3o","isPartOf":{"@id":"https:\/\/apan.pt\/academia\/#website"},"datePublished":"2016-08-07T14:55:22+00:00","dateModified":"2024-12-09T12:47:49+00:00","description":"Veja o calend\u00e1rio das forma\u00e7\u00f5es na \u00e1rea do Marketing Digital e Comunica\u00e7\u00e3o que a Academia APAN disponibiliza ao longo do ano.","breadcrumb":{"@id":"https:\/\/apan.pt\/academia\/cursos\/calendario\/#breadcrumb"},"inLanguage":"pt-PT","potentialAction":[{"@type":"ReadAction","target":["https:\/\/apan.pt\/academia\/cursos\/calendario\/"]}]},{"@type":"BreadcrumbList","@id":"https:\/\/apan.pt\/academia\/cursos\/calendario\/#breadcrumb","itemListElement":[{"@type":"ListItem","position":1,"name":"In\u00edcio","item":"https:\/\/apan.pt\/academia\/"},{"@type":"ListItem","position":2,"name":"Cursos","item":"https:\/\/apan.pt\/academia\/cursos\/"},{"@type":"ListItem","position":3,"name":"Calend\u00e1rio"}]},{"@type":"WebSite","@id":"https:\/\/apan.pt\/academia\/#website","url":"https:\/\/apan.pt\/academia\/","name":"Academia APAN","description":"Ensina quem sabe","potentialAction":[{"@type":"SearchAction","target":{"@type":"EntryPoint","urlTemplate":"https:\/\/apan.pt\/academia\/?s={search_term_string}"},"query-input":"required name=search_term_string"}],"inLanguage":"pt-PT"}]}},"_links":{"self":[{"href":"https:\/\/apan.pt\/academia\/wp-json\/wp\/v2\/pages\/4274"}],"collection":[{"href":"https:\/\/apan.pt\/academia\/wp-json\/wp\/v2\/pages"}],"about":[{"href":"https:\/\/apan.pt\/academia\/wp-json\/wp\/v2\/types\/page"}],"author":[{"embeddable":true,"href":"https:\/\/apan.pt\/academia\/wp-json\/wp\/v2\/users\/1"}],"replies":[{"embeddable":true,"href":"https:\/\/apan.pt\/academia\/wp-json\/wp\/v2\/comments?post=4274"}],"version-history":[{"count":10,"href":"https:\/\/apan.pt\/academia\/wp-json\/wp\/v2\/pages\/4274\/revisions"}],"predecessor-version":[{"id":10881,"href":"https:\/\/apan.pt\/academia\/wp-json\/wp\/v2\/pages\/4274\/revisions\/10881"}],"up":[{"embeddable":true,"href":"https:\/\/apan.pt\/academia\/wp-json\/wp\/v2\/pages\/3133"}],"wp:attachment":[{"href":"https:\/\/apan.pt\/academia\/wp-json\/wp\/v2\/media?parent=4274"}],"curies":[{"name":"wp","href":"https:\/\/api.w.org\/{rel}","templated":true}]}}

Calendário

<!-- This site is optimized with the Yoast SEO plugin v19.12 - https://yoast.com/wordpress/plugins/seo/ -->
<title>Calendário Geral - Academia APAN - Marketing Digital e Comunicação</title>
<meta name="description" content="Veja o calendário das formações na área do Marketing Digital e Comunicação que a Academia APAN disponibiliza ao longo do ano." />
<meta name="robots" content="index, follow, max-snippet:-1, max-image-preview:large, max-video-preview:-1" />
<link rel="canonical" href="https://apan.pt/academia/cursos/calendario/" />
<meta property="og:locale" content="pt_PT" />
<meta property="og:type" content="article" />
<meta property="og:title" content="Calendário Geral - Academia APAN - Marketing Digital e Comunicação" />
<meta property="og:description" content="Veja o calendário das formações na área do Marketing Digital e Comunicação que a Academia APAN disponibiliza ao longo do ano." />
<meta property="og:url" content="https://apan.pt/academia/cursos/calendario/" />
<meta property="og:site_name" content="Academia APAN" />
<meta property="article:publisher" content="https://www.facebook.com/academiaapan/?epa=SEARCH_BOX" />
<meta property="article:modified_time" content="2024-12-09T12:47:49+00:00" />
<meta property="og:image" content="https://apan.pt/academia/wp-content/uploads/2019/05/cursos-formacoes-marketing-digital-seo-social-media.jpg" />
	<meta property="og:image:width" content="1200" />
	<meta property="og:image:height" content="630" />
	<meta property="og:image:type" content="image/jpeg" />
<meta name="twitter:card" content="summary_large_image" />
<meta name="twitter:title" content="Calendário Geral - Academia APAN - Marketing Digital e Comunicação" />
<meta name="twitter:description" content="Veja o calendário das formações na área do Marketing Digital e Comunicação que a Academia APAN disponibiliza ao longo do ano." />
<meta name="twitter:image" content="https://apan.pt/academia/wp-content/uploads/2019/05/cursos-formacoes-marketing-digital-seo-social-media.jpg" />
<script type="application/ld+json" class="yoast-schema-graph">{"@context":"https://schema.org","@graph":[{"@type":"WebPage","@id":"https://apan.pt/academia/cursos/calendario/","url":"https://apan.pt/academia/cursos/calendario/","name":"Calendário Geral - Academia APAN - Marketing Digital e Comunicação","isPartOf":{"@id":"https://apan.pt/academia/#website"},"datePublished":"2016-08-07T14:55:22+00:00","dateModified":"2024-12-09T12:47:49+00:00","description":"Veja o calendário das formações na área do Marketing Digital e Comunicação que a Academia APAN disponibiliza ao longo do ano.","breadcrumb":{"@id":"https://apan.pt/academia/cursos/calendario/#breadcrumb"},"inLanguage":"pt-PT","potentialAction":[{"@type":"ReadAction","target":["https://apan.pt/academia/cursos/calendario/"]}]},{"@type":"BreadcrumbList","@id":"https://apan.pt/academia/cursos/calendario/#breadcrumb","itemListElement":[{"@type":"ListItem","position":1,"name":"Início","item":"https://apan.pt/academia/"},{"@type":"ListItem","position":2,"name":"Cursos","item":"https://apan.pt/academia/cursos/"},{"@type":"ListItem","position":3,"name":"Calendário"}]},{"@type":"WebSite","@id":"https://apan.pt/academia/#website","url":"https://apan.pt/academia/","name":"Academia APAN","description":"Ensina quem sabe","potentialAction":[{"@type":"SearchAction","target":{"@type":"EntryPoint","urlTemplate":"https://apan.pt/academia/?s={search_term_string}"},"query-input":"required name=search_term_string"}],"inLanguage":"pt-PT"}]}</script>
<!-- / Yoast SEO plugin. -->

Calendário Geral - Academia APAN - Marketing Digital e Comunicação

Veja o calendário das formações na área do Marketing Digital e Comunicação que a Academia APAN disponibiliza ao longo do ano.

Início
