{"id":4312,"date":"2016-08-08T19:12:40","date_gmt":"2016-08-08T18:12:40","guid":{"rendered":"http:\/\/academia.apan.mailayout.com\/?page_id=4312"},"modified":"2024-12-10T12:39:45","modified_gmt":"2024-12-10T12:39:45","slug":"formadores-2","status":"publish","type":"page","link":"https:\/\/apan.pt\/academia\/formadores-2\/","title":{"rendered":"Formadores"},"content":{"rendered":"","protected":false},"excerpt":{"rendered":"","protected":false},"author":1,"featured_media":0,"parent":0,"menu_order":0,"comment_status":"closed","ping_status":"closed","template":"","meta":{"_monsterinsights_skip_tracking":false,"_monsterinsights_sitenote_active":false,"_monsterinsights_sitenote_note":"","_monsterinsights_sitenote_category":0},"yoast_head":"<!-- This site is optimized with the Yoast SEO plugin v19.12 - https:\/\/yoast.com\/wordpress\/plugins\/seo\/ -->\n<title>Formadores - Academia APAN - Marketing Digital e Comunica\u00e7\u00e3o<\/title>\n<meta name=\"description\" content=\"A Academia APAN disponibiliza cursos pr\u00e1ticos de curta dura\u00e7\u00e3o na \u00e1rea do Marketing Digital e Comunica\u00e7\u00e3o com formadores profissionais dessas \u00e1reas.\" \/>\n<meta name=\"robots\" content=\"index, follow, max-snippet:-1, max-image-preview:large, max-video-preview:-1\" \/>\n<link rel=\"canonical\" href=\"https:\/\/apan.pt\/academia\/formadores-2\/\" \/>\n<meta property=\"og:locale\" content=\"pt_PT\" \/>\n<meta property=\"og:type\" content=\"article\" \/>\n<meta property=\"og:title\" content=\"Formadores - Academia APAN - Marketing Digital e Comunica\u00e7\u00e3o\" \/>\n<meta property=\"og:description\" content=\"A Academia APAN disponibiliza cursos pr\u00e1ticos de curta dura\u00e7\u00e3o na \u00e1rea do Marketing Digital e Comunica\u00e7\u00e3o com formadores profissionais dessas \u00e1reas.\" \/>\n<meta property=\"og:url\" content=\"https:\/\/apan.pt\/academia\/formadores-2\/\" \/>\n<meta property=\"og:site_name\" content=\"Academia APAN\" \/>\n<meta property=\"article:publisher\" content=\"https:\/\/www.facebook.com\/academiaapan\/?epa=SEARCH_BOX\" \/>\n<meta property=\"article:modified_time\" content=\"2024-12-10T12:39:45+00:00\" \/>\n<meta name=\"twitter:card\" content=\"summary_large_image\" \/>\n<script type=\"application\/ld+json\" class=\"yoast-schema-graph\">{\"@context\":\"https:\/\/schema.org\",\"@graph\":[{\"@type\":\"WebPage\",\"@id\":\"https:\/\/apan.pt\/academia\/formadores-2\/\",\"url\":\"https:\/\/apan.pt\/academia\/formadores-2\/\",\"name\":\"Formadores - Academia APAN - Marketing Digital e Comunica\u00e7\u00e3o\",\"isPartOf\":{\"@id\":\"https:\/\/apan.pt\/academia\/#website\"},\"datePublished\":\"2016-08-08T18:12:40+00:00\",\"dateModified\":\"2024-12-10T12:39:45+00:00\",\"description\":\"A Academia APAN disponibiliza cursos pr\u00e1ticos de curta dura\u00e7\u00e3o na \u00e1rea do Marketing Digital e Comunica\u00e7\u00e3o com formadores profissionais dessas \u00e1reas.\",\"breadcrumb\":{\"@id\":\"https:\/\/apan.pt\/academia\/formadores-2\/#breadcrumb\"},\"inLanguage\":\"pt-PT\",\"potentialAction\":[{\"@type\":\"ReadAction\",\"target\":[\"https:\/\/apan.pt\/academia\/formadores-2\/\"]}]},{\"@type\":\"BreadcrumbList\",\"@id\":\"https:\/\/apan.pt\/academia\/formadores-2\/#breadcrumb\",\"itemListElement\":[{\"@type\":\"ListItem\",\"position\":1,\"name\":\"In\u00edcio\",\"item\":\"https:\/\/apan.pt\/academia\/\"},{\"@type\":\"ListItem\",\"position\":2,\"name\":\"Formadores\"}]},{\"@type\":\"WebSite\",\"@id\":\"https:\/\/apan.pt\/academia\/#website\",\"url\":\"https:\/\/apan.pt\/academia\/\",\"name\":\"Academia APAN\",\"description\":\"Ensina quem sabe\",\"potentialAction\":[{\"@type\":\"SearchAction\",\"target\":{\"@type\":\"EntryPoint\",\"urlTemplate\":\"https:\/\/apan.pt\/academia\/?s={search_term_string}\"},\"query-input\":\"required name=search_term_string\"}],\"inLanguage\":\"pt-PT\"}]}<\/script>\n<!-- \/ Yoast SEO plugin. -->","yoast_head_json":{"title":"Formadores - Academia APAN - Marketing Digital e Comunica\u00e7\u00e3o","description":"A Academia APAN disponibiliza cursos pr\u00e1ticos de curta dura\u00e7\u00e3o na \u00e1rea do Marketing Digital e Comunica\u00e7\u00e3o com formadores profissionais dessas \u00e1reas.","robots":{"index":"index","follow":"follow","max-snippet":"max-snippet:-1","max-image-preview":"max-image-preview:large","max-video-preview":"max-video-preview:-1"},"canonical":"https:\/\/apan.pt\/academia\/formadores-2\/","og_locale":"pt_PT","og_type":"article","og_title":"Formadores - Academia APAN - Marketing Digital e Comunica\u00e7\u00e3o","og_description":"A Academia APAN disponibiliza cursos pr\u00e1ticos de curta dura\u00e7\u00e3o na \u00e1rea do Marketing Digital e Comunica\u00e7\u00e3o com formadores profissionais dessas \u00e1reas.","og_url":"https:\/\/apan.pt\/academia\/formadores-2\/","og_site_name":"Academia APAN","article_publisher":"https:\/\/www.facebook.com\/academiaapan\/?epa=SEARCH_BOX","article_modified_time":"2024-12-10T12:39:45+00:00","twitter_card":"summary_large_image","schema":{"@context":"https:\/\/schema.org","@graph":[{"@type":"WebPage","@id":"https:\/\/apan.pt\/academia\/formadores-2\/","url":"https:\/\/apan.pt\/academia\/formadores-2\/","name":"Formadores - Academia APAN - Marketing Digital e Comunica\u00e7\u00e3o","isPartOf":{"@id":"https:\/\/apan.pt\/academia\/#website"},"datePublished":"2016-08-08T18:12:40+00:00","dateModified":"2024-12-10T12:39:45+00:00","description":"A Academia APAN disponibiliza cursos pr\u00e1ticos de curta dura\u00e7\u00e3o na \u00e1rea do Marketing Digital e Comunica\u00e7\u00e3o com formadores profissionais dessas \u00e1reas.","breadcrumb":{"@id":"https:\/\/apan.pt\/academia\/formadores-2\/#breadcrumb"},"inLanguage":"pt-PT","potentialAction":[{"@type":"ReadAction","target":["https:\/\/apan.pt\/academia\/formadores-2\/"]}]},{"@type":"BreadcrumbList","@id":"https:\/\/apan.pt\/academia\/formadores-2\/#breadcrumb","itemListElement":[{"@type":"ListItem","position":1,"name":"In\u00edcio","item":"https:\/\/apan.pt\/academia\/"},{"@type":"ListItem","position":2,"name":"Formadores"}]},{"@type":"WebSite","@id":"https:\/\/apan.pt\/academia\/#website","url":"https:\/\/apan.pt\/academia\/","name":"Academia APAN","description":"Ensina quem sabe","potentialAction":[{"@type":"SearchAction","target":{"@type":"EntryPoint","urlTemplate":"https:\/\/apan.pt\/academia\/?s={search_term_string}"},"query-input":"required name=search_term_string"}],"inLanguage":"pt-PT"}]}},"_links":{"self":[{"href":"https:\/\/apan.pt\/academia\/wp-json\/wp\/v2\/pages\/4312"}],"collection":[{"href":"https:\/\/apan.pt\/academia\/wp-json\/wp\/v2\/pages"}],"about":[{"href":"https:\/\/apan.pt\/academia\/wp-json\/wp\/v2\/types\/page"}],"author":[{"embeddable":true,"href":"https:\/\/apan.pt\/academia\/wp-json\/wp\/v2\/users\/1"}],"replies":[{"embeddable":true,"href":"https:\/\/apan.pt\/academia\/wp-json\/wp\/v2\/comments?post=4312"}],"version-history":[{"count":4,"href":"https:\/\/apan.pt\/academia\/wp-json\/wp\/v2\/pages\/4312\/revisions"}],"predecessor-version":[{"id":10945,"href":"https:\/\/apan.pt\/academia\/wp-json\/wp\/v2\/pages\/4312\/revisions\/10945"}],"wp:attachment":[{"href":"https:\/\/apan.pt\/academia\/wp-json\/wp\/v2\/media?parent=4312"}],"curies":[{"name":"wp","href":"https:\/\/api.w.org\/{rel}","templated":true}]}}

<!-- This site is optimized with the Yoast SEO plugin v19.12 - https://yoast.com/wordpress/plugins/seo/ -->
<title>Formadores - Academia APAN - Marketing Digital e Comunicação</title>
<meta name="description" content="A Academia APAN disponibiliza cursos práticos de curta duração na área do Marketing Digital e Comunicação com formadores profissionais dessas áreas." />
<meta name="robots" content="index, follow, max-snippet:-1, max-image-preview:large, max-video-preview:-1" />
<link rel="canonical" href="https://apan.pt/academia/formadores-2/" />
<meta property="og:locale" content="pt_PT" />
<meta property="og:type" content="article" />
<meta property="og:title" content="Formadores - Academia APAN - Marketing Digital e Comunicação" />
<meta property="og:description" content="A Academia APAN disponibiliza cursos práticos de curta duração na área do Marketing Digital e Comunicação com formadores profissionais dessas áreas." />
<meta property="og:url" content="https://apan.pt/academia/formadores-2/" />
<meta property="og:site_name" content="Academia APAN" />
<meta property="article:publisher" content="https://www.facebook.com/academiaapan/?epa=SEARCH_BOX" />
<meta property="article:modified_time" content="2024-12-10T12:39:45+00:00" />
<meta name="twitter:card" content="summary_large_image" />
<script type="application/ld+json" class="yoast-schema-graph">{"@context":"https://schema.org","@graph":[{"@type":"WebPage","@id":"https://apan.pt/academia/formadores-2/","url":"https://apan.pt/academia/formadores-2/","name":"Formadores - Academia APAN - Marketing Digital e Comunicação","isPartOf":{"@id":"https://apan.pt/academia/#website"},"datePublished":"2016-08-08T18:12:40+00:00","dateModified":"2024-12-10T12:39:45+00:00","description":"A Academia APAN disponibiliza cursos práticos de curta duração na área do Marketing Digital e Comunicação com formadores profissionais dessas áreas.","breadcrumb":{"@id":"https://apan.pt/academia/formadores-2/#breadcrumb"},"inLanguage":"pt-PT","potentialAction":[{"@type":"ReadAction","target":["https://apan.pt/academia/formadores-2/"]}]},{"@type":"BreadcrumbList","@id":"https://apan.pt/academia/formadores-2/#breadcrumb","itemListElement":[{"@type":"ListItem","position":1,"name":"Início","item":"https://apan.pt/academia/"},{"@type":"ListItem","position":2,"name":"Formadores"}]},{"@type":"WebSite","@id":"https://apan.pt/academia/#website","url":"https://apan.pt/academia/","name":"Academia APAN","description":"Ensina quem sabe","potentialAction":[{"@type":"SearchAction","target":{"@type":"EntryPoint","urlTemplate":"https://apan.pt/academia/?s={search_term_string}"},"query-input":"required name=search_term_string"}],"inLanguage":"pt-PT"}]}</script>
<!-- / Yoast SEO plugin. -->

Formadores - Academia APAN - Marketing Digital e Comunicação

A Academia APAN disponibiliza cursos práticos de curta duração na área do Marketing Digital e Comunicação com formadores profissionais dessas áreas.

Início
