{"id":5249,"date":"2017-03-22T16:44:05","date_gmt":"2017-03-22T16:44:05","guid":{"rendered":"https:\/\/apan.pt\/academia\/?page_id=5249"},"modified":"2024-12-13T16:18:38","modified_gmt":"2024-12-13T16:18:38","slug":"academia-apan-profissionais-profissionais","status":"publish","type":"page","link":"https:\/\/apan.pt\/academia\/","title":{"rendered":"Academia APAN: Ensina quem sabe"},"content":{"rendered":"","protected":false},"excerpt":{"rendered":"","protected":false},"author":1,"featured_media":0,"parent":0,"menu_order":0,"comment_status":"closed","ping_status":"closed","template":"","meta":{"_monsterinsights_skip_tracking":false,"_monsterinsights_sitenote_active":false,"_monsterinsights_sitenote_note":"","_monsterinsights_sitenote_category":0},"yoast_head":"<!-- This site is optimized with the Yoast SEO plugin v19.12 - https:\/\/yoast.com\/wordpress\/plugins\/seo\/ -->\n<title>Academia APAN: De profissionais para profissionais<\/title>\n<meta name=\"description\" content=\"Na Academia APAN encontra forma\u00e7\u00f5es profissionais de Marketing Digital e Comunica\u00e7\u00e3o em Lisboa e Porto. Desenvolva as suas capacidades.\" \/>\n<meta name=\"robots\" content=\"index, follow, max-snippet:-1, max-image-preview:large, max-video-preview:-1\" \/>\n<link rel=\"canonical\" href=\"https:\/\/apan.pt\/academia\/\" \/>\n<meta property=\"og:locale\" content=\"pt_PT\" \/>\n<meta property=\"og:type\" content=\"article\" \/>\n<meta property=\"og:title\" content=\"Academia APAN: De profissionais para profissionais\" \/>\n<meta property=\"og:description\" content=\"Na Academia APAN encontra forma\u00e7\u00f5es profissionais de Marketing Digital e Comunica\u00e7\u00e3o em Lisboa e Porto. Desenvolva as suas capacidades.\" \/>\n<meta property=\"og:url\" content=\"https:\/\/apan.pt\/academia\/\" \/>\n<meta property=\"og:site_name\" content=\"Academia APAN\" \/>\n<meta property=\"article:publisher\" content=\"https:\/\/www.facebook.com\/academiaapan\/?epa=SEARCH_BOX\" \/>\n<meta property=\"article:modified_time\" content=\"2024-12-13T16:18:38+00:00\" \/>\n<meta property=\"og:image\" content=\"https:\/\/apan.pt\/academia\/wp-content\/uploads\/2014\/08\/partilha-redes-sociais.jpg\" \/>\n\t<meta property=\"og:image:width\" content=\"1200\" \/>\n\t<meta property=\"og:image:height\" content=\"630\" \/>\n\t<meta property=\"og:image:type\" content=\"image\/jpeg\" \/>\n<meta name=\"twitter:card\" content=\"summary_large_image\" \/>\n<meta name=\"twitter:image\" content=\"https:\/\/apan.pt\/academia\/wp-content\/uploads\/2014\/08\/partilha-redes-sociais.jpg\" \/>\n<script type=\"application\/ld+json\" class=\"yoast-schema-graph\">{\"@context\":\"https:\/\/schema.org\",\"@graph\":[{\"@type\":\"WebPage\",\"@id\":\"https:\/\/apan.pt\/academia\/\",\"url\":\"https:\/\/apan.pt\/academia\/\",\"name\":\"Academia APAN: De profissionais para profissionais\",\"isPartOf\":{\"@id\":\"https:\/\/apan.pt\/academia\/#website\"},\"datePublished\":\"2017-03-22T16:44:05+00:00\",\"dateModified\":\"2024-12-13T16:18:38+00:00\",\"description\":\"Na Academia APAN encontra forma\u00e7\u00f5es profissionais de Marketing Digital e Comunica\u00e7\u00e3o em Lisboa e Porto. Desenvolva as suas capacidades.\",\"breadcrumb\":{\"@id\":\"https:\/\/apan.pt\/academia\/#breadcrumb\"},\"inLanguage\":\"pt-PT\",\"potentialAction\":[{\"@type\":\"ReadAction\",\"target\":[\"https:\/\/apan.pt\/academia\/\"]}]},{\"@type\":\"BreadcrumbList\",\"@id\":\"https:\/\/apan.pt\/academia\/#breadcrumb\",\"itemListElement\":[{\"@type\":\"ListItem\",\"position\":1,\"name\":\"In\u00edcio\",\"item\":\"https:\/\/apan.pt\/academia\/\"},{\"@type\":\"ListItem\",\"position\":2,\"name\":\"Academia APAN: Ensina quem sabe\"}]},{\"@type\":\"WebSite\",\"@id\":\"https:\/\/apan.pt\/academia\/#website\",\"url\":\"https:\/\/apan.pt\/academia\/\",\"name\":\"Academia APAN\",\"description\":\"Ensina quem sabe\",\"potentialAction\":[{\"@type\":\"SearchAction\",\"target\":{\"@type\":\"EntryPoint\",\"urlTemplate\":\"https:\/\/apan.pt\/academia\/?s={search_term_string}\"},\"query-input\":\"required name=search_term_string\"}],\"inLanguage\":\"pt-PT\"}]}<\/script>\n<!-- \/ Yoast SEO plugin. -->","yoast_head_json":{"title":"Academia APAN: De profissionais para profissionais","description":"Na Academia APAN encontra forma\u00e7\u00f5es profissionais de Marketing Digital e Comunica\u00e7\u00e3o em Lisboa e Porto. Desenvolva as suas capacidades.","robots":{"index":"index","follow":"follow","max-snippet":"max-snippet:-1","max-image-preview":"max-image-preview:large","max-video-preview":"max-video-preview:-1"},"canonical":"https:\/\/apan.pt\/academia\/","og_locale":"pt_PT","og_type":"article","og_title":"Academia APAN: De profissionais para profissionais","og_description":"Na Academia APAN encontra forma\u00e7\u00f5es profissionais de Marketing Digital e Comunica\u00e7\u00e3o em Lisboa e Porto. Desenvolva as suas capacidades.","og_url":"https:\/\/apan.pt\/academia\/","og_site_name":"Academia APAN","article_publisher":"https:\/\/www.facebook.com\/academiaapan\/?epa=SEARCH_BOX","article_modified_time":"2024-12-13T16:18:38+00:00","og_image":[{"width":1200,"height":630,"url":"https:\/\/apan.pt\/academia\/wp-content\/uploads\/2014\/08\/partilha-redes-sociais.jpg","type":"image\/jpeg"}],"twitter_card":"summary_large_image","twitter_image":"https:\/\/apan.pt\/academia\/wp-content\/uploads\/2014\/08\/partilha-redes-sociais.jpg","schema":{"@context":"https:\/\/schema.org","@graph":[{"@type":"WebPage","@id":"https:\/\/apan.pt\/academia\/","url":"https:\/\/apan.pt\/academia\/","name":"Academia APAN: De profissionais para profissionais","isPartOf":{"@id":"https:\/\/apan.pt\/academia\/#website"},"datePublished":"2017-03-22T16:44:05+00:00","dateModified":"2024-12-13T16:18:38+00:00","description":"Na Academia APAN encontra forma\u00e7\u00f5es profissionais de Marketing Digital e Comunica\u00e7\u00e3o em Lisboa e Porto. Desenvolva as suas capacidades.","breadcrumb":{"@id":"https:\/\/apan.pt\/academia\/#breadcrumb"},"inLanguage":"pt-PT","potentialAction":[{"@type":"ReadAction","target":["https:\/\/apan.pt\/academia\/"]}]},{"@type":"BreadcrumbList","@id":"https:\/\/apan.pt\/academia\/#breadcrumb","itemListElement":[{"@type":"ListItem","position":1,"name":"In\u00edcio","item":"https:\/\/apan.pt\/academia\/"},{"@type":"ListItem","position":2,"name":"Academia APAN: Ensina quem sabe"}]},{"@type":"WebSite","@id":"https:\/\/apan.pt\/academia\/#website","url":"https:\/\/apan.pt\/academia\/","name":"Academia APAN","description":"Ensina quem sabe","potentialAction":[{"@type":"SearchAction","target":{"@type":"EntryPoint","urlTemplate":"https:\/\/apan.pt\/academia\/?s={search_term_string}"},"query-input":"required name=search_term_string"}],"inLanguage":"pt-PT"}]}},"_links":{"self":[{"href":"https:\/\/apan.pt\/academia\/wp-json\/wp\/v2\/pages\/5249"}],"collection":[{"href":"https:\/\/apan.pt\/academia\/wp-json\/wp\/v2\/pages"}],"about":[{"href":"https:\/\/apan.pt\/academia\/wp-json\/wp\/v2\/types\/page"}],"author":[{"embeddable":true,"href":"https:\/\/apan.pt\/academia\/wp-json\/wp\/v2\/users\/1"}],"replies":[{"embeddable":true,"href":"https:\/\/apan.pt\/academia\/wp-json\/wp\/v2\/comments?post=5249"}],"version-history":[{"count":10,"href":"https:\/\/apan.pt\/academia\/wp-json\/wp\/v2\/pages\/5249\/revisions"}],"predecessor-version":[{"id":10997,"href":"https:\/\/apan.pt\/academia\/wp-json\/wp\/v2\/pages\/5249\/revisions\/10997"}],"wp:attachment":[{"href":"https:\/\/apan.pt\/academia\/wp-json\/wp\/v2\/media?parent=5249"}],"curies":[{"name":"wp","href":"https:\/\/api.w.org\/{rel}","templated":true}]}}

<!-- This site is optimized with the Yoast SEO plugin v19.12 - https://yoast.com/wordpress/plugins/seo/ -->
<title>Academia APAN: De profissionais para profissionais</title>
<meta name="description" content="Na Academia APAN encontra formações profissionais de Marketing Digital e Comunicação em Lisboa e Porto. Desenvolva as suas capacidades." />
<meta name="robots" content="index, follow, max-snippet:-1, max-image-preview:large, max-video-preview:-1" />
<link rel="canonical" href="https://apan.pt/academia/" />
<meta property="og:locale" content="pt_PT" />
<meta property="og:type" content="article" />
<meta property="og:title" content="Academia APAN: De profissionais para profissionais" />
<meta property="og:description" content="Na Academia APAN encontra formações profissionais de Marketing Digital e Comunicação em Lisboa e Porto. Desenvolva as suas capacidades." />
<meta property="og:url" content="https://apan.pt/academia/" />
<meta property="og:site_name" content="Academia APAN" />
<meta property="article:publisher" content="https://www.facebook.com/academiaapan/?epa=SEARCH_BOX" />
<meta property="article:modified_time" content="2024-12-13T16:18:38+00:00" />
<meta property="og:image" content="https://apan.pt/academia/wp-content/uploads/2014/08/partilha-redes-sociais.jpg" />
	<meta property="og:image:width" content="1200" />
	<meta property="og:image:height" content="630" />
	<meta property="og:image:type" content="image/jpeg" />
<meta name="twitter:card" content="summary_large_image" />
<meta name="twitter:image" content="https://apan.pt/academia/wp-content/uploads/2014/08/partilha-redes-sociais.jpg" />
<script type="application/ld+json" class="yoast-schema-graph">{"@context":"https://schema.org","@graph":[{"@type":"WebPage","@id":"https://apan.pt/academia/","url":"https://apan.pt/academia/","name":"Academia APAN: De profissionais para profissionais","isPartOf":{"@id":"https://apan.pt/academia/#website"},"datePublished":"2017-03-22T16:44:05+00:00","dateModified":"2024-12-13T16:18:38+00:00","description":"Na Academia APAN encontra formações profissionais de Marketing Digital e Comunicação em Lisboa e Porto. Desenvolva as suas capacidades.","breadcrumb":{"@id":"https://apan.pt/academia/#breadcrumb"},"inLanguage":"pt-PT","potentialAction":[{"@type":"ReadAction","target":["https://apan.pt/academia/"]}]},{"@type":"BreadcrumbList","@id":"https://apan.pt/academia/#breadcrumb","itemListElement":[{"@type":"ListItem","position":1,"name":"Início","item":"https://apan.pt/academia/"},{"@type":"ListItem","position":2,"name":"Academia APAN: Ensina quem sabe"}]},{"@type":"WebSite","@id":"https://apan.pt/academia/#website","url":"https://apan.pt/academia/","name":"Academia APAN","description":"Ensina quem sabe","potentialAction":[{"@type":"SearchAction","target":{"@type":"EntryPoint","urlTemplate":"https://apan.pt/academia/?s={search_term_string}"},"query-input":"required name=search_term_string"}],"inLanguage":"pt-PT"}]}</script>
<!-- / Yoast SEO plugin. -->

Na Academia APAN encontra formações profissionais de Marketing Digital e Comunicação em Lisboa e Porto. Desenvolva as suas capacidades.

Início
