{"id":6555,"date":"2016-08-05T22:55:38","date_gmt":"2016-08-05T22:55:38","guid":{"rendered":"http:\/\/mediasmart.mailayout.com\/?page_id=6555"},"modified":"2021-02-02T19:26:24","modified_gmt":"2021-02-02T19:26:24","slug":"porque","status":"publish","type":"page","link":"https:\/\/apan.pt\/mediasmart\/media-smart\/porque\/","title":{"rendered":"Porqu\u00ea?"},"content":{"rendered":"<section class=\"l-section wpb_row height_medium\"><div class=\"l-section-h i-cf\"><div class=\"g-cols vc_row via_flex valign_top type_default stacking_default\"><div class=\"vc_col-sm-9 wpb_column vc_column_container\"><div class=\"vc_column-inner\"><div class=\"wpb_wrapper\"><div class=\"wpb_text_column\"><div class=\"wpb_wrapper\"><p>As crian\u00e7as de hoje vivem num mundo onde a publicidade est\u00e1 permanentemente presente. Ela ocupa um lugar importante nas suas vidas, nas suas brincadeiras, nas suas conversas e faz parte da sua cultura. A crian\u00e7a deve tomar consci\u00eancia que a publicidade comercial e n\u00e3o comercial nos diferentes meios de comunica\u00e7\u00e3o prop\u00f5e uma reconstru\u00e7\u00e3o da realidade atrav\u00e9s da linguagem e de imagens espec\u00edficas.<\/p>\n<p>Ainda que nem todas as mensagens lhes sejam dirigidas, as crian\u00e7as dever\u00e3o ser capaz de as interpretar para que a sua resposta possa resultar em escolhas informadas. \u00c0 medida que a crian\u00e7a vai crescendo, vai tamb\u00e9m refinando essas capacidades, utilizando-as de diversas formas, quer enquanto indiv\u00edduo quer enquanto consumidor.<\/p>\n<p>O programa Media Smart \u00e9 composto por material did\u00e1tico que visa a compreens\u00e3o da publicidade e das mensagens de sensibiliza\u00e7\u00e3o comercial e n\u00e3o comercial. O Programa Media Smart tem como objetivo desenvolver o sentido critico das crian\u00e7as, logo desde muito novas, tornando-as capazes de compreender as mensagens publicit\u00e1rias que lhe s\u00e3o dirigidas. Os temas apresentados neste programa bem como as atividades associadas t\u00eam como objetivo dar-lhes as ferramentas necess\u00e1rias a uma tomada de consci\u00eancia sobre as estrat\u00e9gias publicit\u00e1rias, permitindo-lhes decis\u00f5es e opini\u00f5es mais informadas.<\/p>\n<\/div><\/div><\/div><\/div><\/div><div class=\"vc_col-sm-3 wpb_column vc_column_container\"><div class=\"vc_column-inner\"><div class=\"wpb_wrapper\">[vc_wp_custommenu nav_menu=&#8221;53&#8243;]<\/div><\/div><\/div><\/div><\/div><\/section><section class=\"l-section wpb_row height_auto width_full\"><div class=\"l-section-h i-cf\"><div class=\"g-cols vc_row via_flex valign_top type_default stacking_default\"><div class=\"vc_col-sm-4 wpb_column vc_column_container\"><div class=\"vc_column-inner us_custom_be3606da\"><div class=\"wpb_wrapper\"><div class=\"w-image align_none us_animate_afl\" style=\"animation-delay:0.2s\"><div class=\"w-image-h\"><img width=\"500\" height=\"384\" src=\"https:\/\/apan.pt\/mediasmart\/wp-content\/uploads\/2016\/08\/na-rua-peq.jpg\" class=\"attachment-full size-full\" alt=\"\" decoding=\"async\" loading=\"lazy\" srcset=\"https:\/\/apan.pt\/mediasmart\/wp-content\/uploads\/2016\/08\/na-rua-peq.jpg 500w, https:\/\/apan.pt\/mediasmart\/wp-content\/uploads\/2016\/08\/na-rua-peq-300x230.jpg 300w\" sizes=\"(max-width: 500px) 100vw, 500px\" \/><\/div><\/div><\/div><\/div><\/div><div class=\"vc_col-sm-8 wpb_column vc_column_container\"><div class=\"vc_column-inner us_custom_be3606da\"><div class=\"wpb_wrapper\"><div class=\"g-cols wpb_row us_custom_3a880542 via_flex valign_top type_default stacking_default\"><div class=\"vc_col-sm-12 wpb_column vc_column_container\"><div class=\"vc_column-inner\"><div class=\"wpb_wrapper\"><div class=\"wpb_text_column\"><div class=\"wpb_wrapper\"><p>As crian\u00e7as evoluem de forma diferente. Quando come\u00e7am a ver televis\u00e3o, por exemplo, as crian\u00e7as encontram sentidos diferentes naquilo que v\u00eam em fun\u00e7\u00e3o da sua hist\u00f3ria, da sua cultura e da sua maturidade.<\/p>\n<p>Em cada uma das atividades do programa Media Smart o principal foco \u00e9 uma integra\u00e7\u00e3o cr\u00edtica (sess\u00f5es plen\u00e1rias com discuss\u00f5es, reflex\u00f5es e an\u00e1lises em grupo). Neste sentido o Media Smart facilita tamb\u00e9m a sociabiliza\u00e7\u00e3o: cada crian\u00e7a ter\u00e1 oportunidade de se exprimir, de confrontar as suas novas ideias com as dos outros e formar uma opini\u00e3o sobre o mundo mediatizado em que vive. Com efeito, outro dos objetivos \u00e9 fazer compreender que nos planos social e cultural, as crian\u00e7as n\u00e3o est\u00e3o igualmente desenvolvidas face aos media.<\/p>\n<p>O Media Smart \u00e9 uma iniciativa da APAN \u2013 Associa\u00e7\u00e3o Portuguesa de Anunciantes, que reconheceu dever dar o seu contributo no desenvolvimento da literacia medi\u00e1tica das crian\u00e7as desde muito cedo.<\/p>\n<\/div><\/div><\/div><\/div><\/div><\/div><\/div><\/div><\/div><\/div><\/div><\/section>\n","protected":false},"excerpt":{"rendered":"As crian\u00e7as de hoje vivem num mundo onde a publicidade est\u00e1 permanentemente presente. Ela ocupa um lugar importante nas suas vidas, nas suas brincadeiras, nas suas conversas e faz parte da sua cultura. A crian\u00e7a deve tomar consci\u00eancia que a publicidade comercial e n\u00e3o comercial nos diferentes meios de comunica\u00e7\u00e3o prop\u00f5e uma reconstru\u00e7\u00e3o da realidade...","protected":false},"author":1,"featured_media":0,"parent":2803,"menu_order":0,"comment_status":"closed","ping_status":"closed","template":"","meta":{"_monsterinsights_skip_tracking":false,"_monsterinsights_sitenote_active":false,"_monsterinsights_sitenote_note":"","_monsterinsights_sitenote_category":0},"_links":{"self":[{"href":"https:\/\/apan.pt\/mediasmart\/wp-json\/wp\/v2\/pages\/6555"}],"collection":[{"href":"https:\/\/apan.pt\/mediasmart\/wp-json\/wp\/v2\/pages"}],"about":[{"href":"https:\/\/apan.pt\/mediasmart\/wp-json\/wp\/v2\/types\/page"}],"author":[{"embeddable":true,"href":"https:\/\/apan.pt\/mediasmart\/wp-json\/wp\/v2\/users\/1"}],"replies":[{"embeddable":true,"href":"https:\/\/apan.pt\/mediasmart\/wp-json\/wp\/v2\/comments?post=6555"}],"version-history":[{"count":23,"href":"https:\/\/apan.pt\/mediasmart\/wp-json\/wp\/v2\/pages\/6555\/revisions"}],"predecessor-version":[{"id":7302,"href":"https:\/\/apan.pt\/mediasmart\/wp-json\/wp\/v2\/pages\/6555\/revisions\/7302"}],"up":[{"embeddable":true,"href":"https:\/\/apan.pt\/mediasmart\/wp-json\/wp\/v2\/pages\/2803"}],"wp:attachment":[{"href":"https:\/\/apan.pt\/mediasmart\/wp-json\/wp\/v2\/media?parent=6555"}],"curies":[{"name":"wp","href":"https:\/\/api.w.org\/{rel}","templated":true}]}}