{"id":6566,"date":"2016-08-05T23:11:40","date_gmt":"2016-08-05T23:11:40","guid":{"rendered":"http:\/\/mediasmart.mailayout.com\/?page_id=6566"},"modified":"2021-02-02T19:26:01","modified_gmt":"2021-02-02T19:26:01","slug":"a-organizacao","status":"publish","type":"page","link":"https:\/\/apan.pt\/mediasmart\/media-smart\/a-organizacao\/","title":{"rendered":"A Organiza\u00e7\u00e3o"},"content":{"rendered":"<section class=\"l-section wpb_row height_medium\"><div class=\"l-section-h i-cf\"><div class=\"g-cols vc_row via_flex valign_top type_default stacking_default\"><div class=\"vc_col-sm-9 wpb_column vc_column_container\"><div class=\"vc_column-inner\"><div class=\"wpb_wrapper\"><div class=\"wpb_text_column\"><div class=\"wpb_wrapper\"><p>O Media Smart funciona com os seguintes \u00f3rg\u00e3os:<\/p>\n<h3>Comit\u00e9 de Dire\u00e7\u00e3o<\/h3>\n<p>O Comit\u00e9 de Dire\u00e7\u00e3o \u00e9 formado pelos representantes de todas as empresas e entidades patrocinadoras do programa. \u00c9 respons\u00e1vel por aprovar a Estrat\u00e9gia do Media Smart e o Plano de Atividades Anual. Re\u00fane pelo menos quatro vezes ao ano.<\/p>\n<h3>Servi\u00e7o de Secretariado<\/h3>\n<p>O Servi\u00e7o de Secretariado garante a implementa\u00e7\u00e3o do programa, relaciona-se com os patrocinadores agindo como um ponto de contacto permanente com futuros patrocinadores, com a imprensa e com os l\u00edderes de opini\u00e3o. Garante o pleno funcionamento do programa, mantendo o site atualizado, dando resposta a quest\u00f5es colocadas pelas escolas, professores, pais e alunos. Promove e acompanha a cria\u00e7\u00e3o de novos materiais e mant\u00e9m-se em permanente contato com os Media Smart de toda a Europa.<\/p>\n<\/div><\/div><\/div><\/div><\/div><div class=\"vc_col-sm-3 wpb_column vc_column_container\"><div class=\"vc_column-inner\"><div class=\"wpb_wrapper\">[vc_wp_custommenu nav_menu=&#8221;53&#8243;]<\/div><\/div><\/div><\/div><\/div><\/section><section class=\"l-section wpb_row height_auto\"><div class=\"l-section-h i-cf\"><div class=\"g-cols vc_row via_flex valign_top type_default stacking_default\"><div class=\"vc_col-sm-12 wpb_column vc_column_container\"><div class=\"vc_column-inner\"><div class=\"wpb_wrapper\"><div class=\"wpb_text_column\"><div class=\"wpb_wrapper\"><h3>Grupo de Peritos<\/h3>\n<p>O Grupo de Peritos decide sobre os objetivos pedag\u00f3gicos do Media Smart, os materiais a utilizar e fornece todo o tipo de aconselhamento necess\u00e1rio ao bom funcionamento do Programa Media Smart.<br \/>\nContribui para o desenvolvimento de novos materiais e novos t\u00f3picos a juntar ao programa inicial, assegurando a confirma\u00e7\u00e3o e aprova\u00e7\u00e3o da qualidade do programa por parte do governo.<br \/>\nO Grupo de Peritos \u00e9 liderado pelo Professor Roberto Carneiro \u2013 Professor e Investigador da Universidade Cat\u00f3lica e constitu\u00eddo por:<\/p>\n<\/div><\/div><\/div><\/div><\/div><\/div><\/div><\/section><section class=\"l-section wpb_row us_custom_e11ab399 height_medium\"><div class=\"l-section-h i-cf\"><div class=\"g-cols vc_row via_flex valign_top type_default stacking_default\"><div class=\"vc_col-sm-2 wpb_column vc_column_container\"><div class=\"vc_column-inner\"><div class=\"wpb_wrapper\"><div class=\"w-person layout_square with_socials\" itemscope itemtype=\"https:\/\/schema.org\/Person\"><div class=\"w-person-image\"><img width=\"199\" height=\"199\" src=\"https:\/\/apan.pt\/mediasmart\/wp-content\/uploads\/2016\/08\/robertocarneiro.jpg\" class=\"attachment-large size-large\" alt=\"\" decoding=\"async\" loading=\"lazy\" srcset=\"https:\/\/apan.pt\/mediasmart\/wp-content\/uploads\/2016\/08\/robertocarneiro.jpg 199w, https:\/\/apan.pt\/mediasmart\/wp-content\/uploads\/2016\/08\/robertocarneiro-150x150.jpg 150w\" sizes=\"(max-width: 199px) 100vw, 199px\" \/><div class=\"w-person-links\"><div class=\"w-person-links-list\"><a class=\"w-person-links-item type_linkedin\" title=\"LinkedIn\" href=\"https:\/\/www.linkedin.com\/in\/prof-roberto-carneiro-222553\" target=\"_blank\" rel=\"noopener nofollow\"><i class=\"fab fa-linkedin\"><\/i><\/a><\/div><\/div><\/div><div class=\"w-person-content\"><h4 itemprop=\"name\" class=\"w-person-name\"><span>Roberto Carneiro<\/span><\/h4><div class=\"w-person-role\" itemprop=\"jobTitle\">Professor e Investigador da Universidade Cat\u00f3lica<\/div><\/div><\/div><\/div><\/div><\/div><div class=\"vc_col-sm-2 wpb_column vc_column_container\"><div class=\"vc_column-inner\"><div class=\"wpb_wrapper\"><div class=\"w-person layout_circle with_socials\" itemscope itemtype=\"https:\/\/schema.org\/Person\"><div class=\"w-person-image\"><img width=\"199\" height=\"199\" src=\"https:\/\/apan.pt\/mediasmart\/wp-content\/uploads\/2016\/08\/Teresa-Pombo.jpg\" class=\"attachment-large size-large\" alt=\"\" decoding=\"async\" loading=\"lazy\" srcset=\"https:\/\/apan.pt\/mediasmart\/wp-content\/uploads\/2016\/08\/Teresa-Pombo.jpg 199w, https:\/\/apan.pt\/mediasmart\/wp-content\/uploads\/2016\/08\/Teresa-Pombo-150x150.jpg 150w\" sizes=\"(max-width: 199px) 100vw, 199px\" \/><div class=\"w-person-links\"><div class=\"w-person-links-list\"><a class=\"w-person-links-item type_linkedin\" title=\"LinkedIn\" href=\"https:\/\/www.linkedin.com\/in\/teresapombopereira\" target=\"_blank\" rel=\"noopener nofollow\"><i class=\"fab fa-linkedin\"><\/i><\/a><\/div><\/div><\/div><div class=\"w-person-content\"><h4 itemprop=\"name\" class=\"w-person-name\"><span>Teresa Pombo<\/span><\/h4><div class=\"w-person-role\" itemprop=\"jobTitle\">T\u00e9cnica Superior no Plano Nacional de Leitura 2027<\/div><\/div><\/div><\/div><\/div><\/div><div class=\"vc_col-sm-2 wpb_column vc_column_container\"><div class=\"vc_column-inner\"><div class=\"wpb_wrapper\"><div class=\"w-person layout_circle\" itemscope itemtype=\"https:\/\/schema.org\/Person\"><div class=\"w-person-image\"><img width=\"199\" height=\"199\" src=\"https:\/\/apan.pt\/mediasmart\/wp-content\/uploads\/2016\/08\/pedro-ribeiro-da-silva.jpg\" class=\"attachment-large size-large\" alt=\"\" decoding=\"async\" loading=\"lazy\" srcset=\"https:\/\/apan.pt\/mediasmart\/wp-content\/uploads\/2016\/08\/pedro-ribeiro-da-silva.jpg 199w, https:\/\/apan.pt\/mediasmart\/wp-content\/uploads\/2016\/08\/pedro-ribeiro-da-silva-150x150.jpg 150w\" sizes=\"(max-width: 199px) 100vw, 199px\" \/><\/div><div class=\"w-person-content\"><h4 itemprop=\"name\" class=\"w-person-name\"><span>Pedro Ribeiro da Silva<\/span><\/h4><div class=\"w-person-role\" itemprop=\"jobTitle\">Direc\u00e7\u00e3o-Geral da Sa\u00fade (DGS)<\/div><\/div><\/div><\/div><\/div><\/div><div class=\"vc_col-sm-2 wpb_column vc_column_container\"><div class=\"vc_column-inner\"><div class=\"wpb_wrapper\"><div class=\"w-person layout_circle\" itemscope itemtype=\"https:\/\/schema.org\/Person\"><div class=\"w-person-image\"><img width=\"199\" height=\"199\" src=\"https:\/\/apan.pt\/mediasmart\/wp-content\/uploads\/2016\/08\/Gisela-serafim.jpg\" class=\"attachment-large size-large\" alt=\"\" decoding=\"async\" loading=\"lazy\" srcset=\"https:\/\/apan.pt\/mediasmart\/wp-content\/uploads\/2016\/08\/Gisela-serafim.jpg 199w, https:\/\/apan.pt\/mediasmart\/wp-content\/uploads\/2016\/08\/Gisela-serafim-150x150.jpg 150w\" sizes=\"(max-width: 199px) 100vw, 199px\" \/><\/div><div class=\"w-person-content\"><h4 itemprop=\"name\" class=\"w-person-name\"><span>Gisela Serafim<\/span><\/h4><div class=\"w-person-role\" itemprop=\"jobTitle\">Dire\u00e7\u00e3o Geral do Consumidor (DGC)<\/div><\/div><\/div><\/div><\/div><\/div><div class=\"vc_col-sm-2 wpb_column vc_column_container\"><div class=\"vc_column-inner\"><div class=\"wpb_wrapper\"><div class=\"w-person layout_circle\" itemscope itemtype=\"https:\/\/schema.org\/Person\"><div class=\"w-person-image\"><img width=\"199\" height=\"199\" src=\"https:\/\/apan.pt\/mediasmart\/wp-content\/uploads\/2016\/08\/Herminio-Correa.jpg\" class=\"attachment-large size-large\" alt=\"\" decoding=\"async\" loading=\"lazy\" srcset=\"https:\/\/apan.pt\/mediasmart\/wp-content\/uploads\/2016\/08\/Herminio-Correa.jpg 199w, https:\/\/apan.pt\/mediasmart\/wp-content\/uploads\/2016\/08\/Herminio-Correa-150x150.jpg 150w\" sizes=\"(max-width: 199px) 100vw, 199px\" \/><\/div><div class=\"w-person-content\"><h4 itemprop=\"name\" class=\"w-person-name\"><span>Herm\u00ednio Correa<\/span><\/h4><div class=\"w-person-role\" itemprop=\"jobTitle\">Conf. Nacional das Associa\u00e7\u00f5es de Pais (CONFAP)<\/div><\/div><\/div><\/div><\/div><\/div><div class=\"vc_col-sm-2 wpb_column vc_column_container\"><div class=\"vc_column-inner\"><div class=\"wpb_wrapper\"><div class=\"w-person layout_circle\" itemscope itemtype=\"https:\/\/schema.org\/Person\"><div class=\"w-person-image\"><img width=\"199\" height=\"199\" src=\"https:\/\/apan.pt\/mediasmart\/wp-content\/uploads\/2016\/08\/Georg-Dutschke.jpg\" class=\"attachment-large size-large\" alt=\"\" decoding=\"async\" loading=\"lazy\" srcset=\"https:\/\/apan.pt\/mediasmart\/wp-content\/uploads\/2016\/08\/Georg-Dutschke.jpg 199w, https:\/\/apan.pt\/mediasmart\/wp-content\/uploads\/2016\/08\/Georg-Dutschke-150x150.jpg 150w\" sizes=\"(max-width: 199px) 100vw, 199px\" \/><\/div><div class=\"w-person-content\"><h4 itemprop=\"name\" class=\"w-person-name\"><span>Prof. Georg Dutschke<\/span><\/h4><div class=\"w-person-role\" itemprop=\"jobTitle\">Especialista em Marketing Infantil<\/div><\/div><\/div><\/div><\/div><\/div><\/div><\/div><\/section><section class=\"l-section wpb_row us_custom_b03640aa height_medium\"><div class=\"l-section-h i-cf\"><div class=\"g-cols vc_row via_flex valign_top type_default stacking_default\"><div class=\"vc_col-sm-2 wpb_column vc_column_container\"><div class=\"vc_column-inner\"><div class=\"wpb_wrapper\"><div class=\"w-separator size_medium\"><\/div><\/div><\/div><\/div><div class=\"vc_col-sm-2 wpb_column vc_column_container\"><div class=\"vc_column-inner\"><div class=\"wpb_wrapper\"><div class=\"w-person layout_circle\" itemscope itemtype=\"https:\/\/schema.org\/Person\"><div class=\"w-person-image\"><img width=\"199\" height=\"199\" src=\"https:\/\/apan.pt\/mediasmart\/wp-content\/uploads\/2016\/08\/Cecilia-Galv\u00e3o.jpg\" class=\"attachment-large size-large\" alt=\"\" decoding=\"async\" loading=\"lazy\" srcset=\"https:\/\/apan.pt\/mediasmart\/wp-content\/uploads\/2016\/08\/Cecilia-Galv\u00e3o.jpg 199w, https:\/\/apan.pt\/mediasmart\/wp-content\/uploads\/2016\/08\/Cecilia-Galv\u00e3o-150x150.jpg 150w\" sizes=\"(max-width: 199px) 100vw, 199px\" \/><\/div><div class=\"w-person-content\"><h4 itemprop=\"name\" class=\"w-person-name\"><span>Cec\u00edlia Galv\u00e3o<\/span><\/h4><div class=\"w-person-role\" itemprop=\"jobTitle\">Psic\u00f3loga Infantil no Hospital D. Estef\u00e2nia<\/div><\/div><\/div><\/div><\/div><\/div><div class=\"vc_col-sm-2 wpb_column vc_column_container\"><div class=\"vc_column-inner\"><div class=\"wpb_wrapper\"><div class=\"w-person layout_circle\" itemscope itemtype=\"https:\/\/schema.org\/Person\"><div class=\"w-person-image\"><img width=\"199\" height=\"199\" src=\"https:\/\/apan.pt\/mediasmart\/wp-content\/uploads\/2016\/08\/M\u00f3nica-Chaves.jpg\" class=\"attachment-large size-large\" alt=\"\" decoding=\"async\" loading=\"lazy\" srcset=\"https:\/\/apan.pt\/mediasmart\/wp-content\/uploads\/2016\/08\/M\u00f3nica-Chaves.jpg 199w, https:\/\/apan.pt\/mediasmart\/wp-content\/uploads\/2016\/08\/M\u00f3nica-Chaves-150x150.jpg 150w\" sizes=\"(max-width: 199px) 100vw, 199px\" \/><\/div><div class=\"w-person-content\"><h4 itemprop=\"name\" class=\"w-person-name\"><span>Dra. M\u00f3nica Chaves<\/span><\/h4><div class=\"w-person-role\" itemprop=\"jobTitle\">Especialista em Comunica\u00e7\u00e3o Infantil<\/div><\/div><\/div><\/div><\/div><\/div><div class=\"vc_col-sm-2 wpb_column vc_column_container\"><div class=\"vc_column-inner\"><div class=\"wpb_wrapper\"><div class=\"w-person layout_circle\" itemscope itemtype=\"https:\/\/schema.org\/Person\"><div class=\"w-person-image\"><img width=\"199\" height=\"199\" src=\"https:\/\/apan.pt\/mediasmart\/wp-content\/uploads\/2016\/08\/Mariua-Vasconcelos.jpg\" class=\"attachment-large size-large\" alt=\"\" decoding=\"async\" loading=\"lazy\" srcset=\"https:\/\/apan.pt\/mediasmart\/wp-content\/uploads\/2016\/08\/Mariua-Vasconcelos.jpg 199w, https:\/\/apan.pt\/mediasmart\/wp-content\/uploads\/2016\/08\/Mariua-Vasconcelos-150x150.jpg 150w\" sizes=\"(max-width: 199px) 100vw, 199px\" \/><\/div><div class=\"w-person-content\"><h4 itemprop=\"name\" class=\"w-person-name\"><span>Maria Vasconcelos<\/span><\/h4><div class=\"w-person-role\" itemprop=\"jobTitle\">Associa\u00e7\u00e3o Portuguesa de Nutricionistas (APN)<\/div><\/div><\/div><\/div><\/div><\/div><div class=\"vc_col-sm-2 wpb_column vc_column_container\"><div class=\"vc_column-inner\"><div class=\"wpb_wrapper\"><div class=\"w-person layout_circle\" itemscope itemtype=\"https:\/\/schema.org\/Person\"><div class=\"w-person-image\"><img width=\"199\" height=\"199\" src=\"https:\/\/apan.pt\/mediasmart\/wp-content\/uploads\/2016\/08\/vaz-pinto.jpg\" class=\"attachment-large size-large\" alt=\"\" decoding=\"async\" loading=\"lazy\" srcset=\"https:\/\/apan.pt\/mediasmart\/wp-content\/uploads\/2016\/08\/vaz-pinto.jpg 199w, https:\/\/apan.pt\/mediasmart\/wp-content\/uploads\/2016\/08\/vaz-pinto-150x150.jpg 150w\" sizes=\"(max-width: 199px) 100vw, 199px\" \/><\/div><div class=\"w-person-content\"><h4 itemprop=\"name\" class=\"w-person-name\"><span>Maria Lu\u00edza Vaz Pinto<\/span><\/h4><div class=\"w-person-role\" itemprop=\"jobTitle\">(AC Media)<\/div><\/div><\/div><\/div><\/div><\/div><div class=\"vc_col-sm-2 wpb_column vc_column_container\"><div class=\"vc_column-inner\"><div class=\"wpb_wrapper\"><div class=\"w-person layout_circle\" itemscope itemtype=\"https:\/\/schema.org\/Person\"><div class=\"w-person-image\"><img width=\"199\" height=\"199\" src=\"https:\/\/apan.pt\/mediasmart\/wp-content\/uploads\/2016\/08\/luisa-agante.jpg\" class=\"attachment-large size-large\" alt=\"\" decoding=\"async\" loading=\"lazy\" srcset=\"https:\/\/apan.pt\/mediasmart\/wp-content\/uploads\/2016\/08\/luisa-agante.jpg 199w, https:\/\/apan.pt\/mediasmart\/wp-content\/uploads\/2016\/08\/luisa-agante-150x150.jpg 150w\" sizes=\"(max-width: 199px) 100vw, 199px\" \/><\/div><div class=\"w-person-content\"><h4 itemprop=\"name\" class=\"w-person-name\"><span>Dra. Lu\u00edsa Agante<\/span><\/h4><div class=\"w-person-role\" itemprop=\"jobTitle\">Docente do IPAM e especialista em Marketing Infantil<\/div><\/div><\/div><\/div><\/div><\/div><\/div><\/div><\/section>\n","protected":false},"excerpt":{"rendered":"O Media Smart funciona com os seguintes \u00f3rg\u00e3os: Comit\u00e9 de Dire\u00e7\u00e3o O Comit\u00e9 de Dire\u00e7\u00e3o \u00e9 formado pelos representantes de todas as empresas e entidades patrocinadoras do programa. \u00c9 respons\u00e1vel por aprovar a Estrat\u00e9gia do Media Smart e o Plano de Atividades Anual. Re\u00fane pelo menos quatro vezes ao ano. Servi\u00e7o de Secretariado O Servi\u00e7o...","protected":false},"author":1,"featured_media":0,"parent":2803,"menu_order":0,"comment_status":"closed","ping_status":"closed","template":"","meta":{"_monsterinsights_skip_tracking":false,"_monsterinsights_sitenote_active":false,"_monsterinsights_sitenote_note":"","_monsterinsights_sitenote_category":0},"_links":{"self":[{"href":"https:\/\/apan.pt\/mediasmart\/wp-json\/wp\/v2\/pages\/6566"}],"collection":[{"href":"https:\/\/apan.pt\/mediasmart\/wp-json\/wp\/v2\/pages"}],"about":[{"href":"https:\/\/apan.pt\/mediasmart\/wp-json\/wp\/v2\/types\/page"}],"author":[{"embeddable":true,"href":"https:\/\/apan.pt\/mediasmart\/wp-json\/wp\/v2\/users\/1"}],"replies":[{"embeddable":true,"href":"https:\/\/apan.pt\/mediasmart\/wp-json\/wp\/v2\/comments?post=6566"}],"version-history":[{"count":23,"href":"https:\/\/apan.pt\/mediasmart\/wp-json\/wp\/v2\/pages\/6566\/revisions"}],"predecessor-version":[{"id":7303,"href":"https:\/\/apan.pt\/mediasmart\/wp-json\/wp\/v2\/pages\/6566\/revisions\/7303"}],"up":[{"embeddable":true,"href":"https:\/\/apan.pt\/mediasmart\/wp-json\/wp\/v2\/pages\/2803"}],"wp:attachment":[{"href":"https:\/\/apan.pt\/mediasmart\/wp-json\/wp\/v2\/media?parent=6566"}],"curies":[{"name":"wp","href":"https:\/\/api.w.org\/{rel}","templated":true}]}}