{"id":6627,"date":"2016-08-06T01:47:02","date_gmt":"2016-08-06T01:47:02","guid":{"rendered":"http:\/\/mediasmart.mailayout.com\/?page_id=6627"},"modified":"2024-06-11T15:49:16","modified_gmt":"2024-06-11T15:49:16","slug":"licao-sobre-imagem-corporal-e-auto-estima","status":"publish","type":"page","link":"https:\/\/apan.pt\/mediasmart\/professores\/licao-sobre-imagem-corporal-e-auto-estima\/","title":{"rendered":"Li\u00e7\u00e3o Sobre Imagem Corporal e Auto Estima"},"content":{"rendered":"<section class=\"l-section wpb_row height_medium\"><div class=\"l-section-h i-cf\"><div class=\"g-cols vc_row via_flex valign_top type_default stacking_default\"><div class=\"vc_col-sm-9 wpb_column vc_column_container\"><div class=\"vc_column-inner\"><div class=\"wpb_wrapper\"><div class=\"wpb_text_column\"><div class=\"wpb_wrapper\"><p>Compararmo-nos com as pessoas que vemos na publicidade e nos restantes meios de comunica\u00e7\u00e3o pode influenciar a nossa imagem corporal. Ter uma imagem corporal pobre pode afetar de forma significativa a sa\u00fade e o bem-estar e \u00e9 um obst\u00e1culo a uma aprendizagem eficaz, participa\u00e7\u00e3o ativa (particularmente na atividade f\u00edsica), aspira\u00e7\u00f5es e realiza\u00e7\u00e3o pessoal.<\/p>\n<p><a href=\"\/mediasmart\/download\/recursos-imagem-corporal-professores\/\">Este recurso pedag\u00f3gico<\/a> foi projetado para ajudar as crian\u00e7as com idades entre os 10 e os 14 anos a discutir sobre quest\u00f5es relacionadas com a sua imagem corporal com o objetivo de construir resili\u00eancia emocional face \u00e0 press\u00e3o da imagem projetada pelos media. Estas aulas est\u00e3o preparadas para serem inclusivas, ou seja para serem dadas a meninos e meninas, e aqueles que n\u00e3o se identificam com nenhum dos sexos. Sabemos que se trata de um tema desafiante para os professores e para os pais raz\u00e3o porque tamb\u00e9m desenvolvemos um <a href=\"\/mediasmart\/download\/guia-para-pais-sobre-imagem-corporal\/\">Guia para Pais<\/a>.<\/p>\n<p>Estas li\u00e7\u00f5es ir\u00e3o ajudar a explicar aos seus alunos como os an\u00fancios retratam a apar\u00eancia, ajudando-os a avaliar o impacto que os media t\u00eam sobre como as pessoas se veem a si mesmas.<\/p>\n<h4>Exemplos da utiliza\u00e7\u00e3o da Imagem Corporal na Publicidade<\/h4>\n<p>O Media Smart est\u00e1 totalmente comprometido com a cria\u00e7\u00e3o de recursos que sejam inclusivos e que reflitam a diversidade da sociedade. \u00a0Por isso, os casos sugeridos refletem toda a gama de categorias de produtos, formatos de publicidade e estilos criativos dispon\u00edveis.<\/p>\n<p>Os an\u00fancios selecionados foram verificados em rela\u00e7\u00e3o a uma s\u00e9rie de crit\u00e9rios, nomeadamente:<\/p>\n<ul>\n<li>Adequa\u00e7\u00e3o ao grupo et\u00e1rio<\/li>\n<li>Evid\u00eancias de utiliza\u00e7\u00e3o de t\u00e9cnicas de produ\u00e7\u00e3o (por exemplo: aerografia, Photoshop, etc)<\/li>\n<li>Representa\u00e7\u00e3o de g\u00e9nero, \u00e9tnia, idade e defici\u00eancia.<\/li>\n<li>Quem aparece no an\u00fancio &#8211; celebridades, pessoas comuns ou pessoas que mostram talentos (por exemplo: atletas, bailarinos e m\u00fasicos)<\/li>\n<li>A inclus\u00e3o de uma variedade de formas de corpo, emo\u00e7\u00f5es e categorias de produtos<\/li>\n<\/ul>\n<p>Se assim entender, poder\u00e1 utilizar na sua aula exemplos diferentes dos que aqui sugerimos. \u00a0Recomendamos-lhe \u00a0que siga estes crit\u00e9rios para garantir que seus exemplos s\u00e3o ben\u00e9ficos para os seus alunos.<\/p>\n<ul>\n<li>Vitalis &#8211; <a href=\"https:\/\/www.youtube.com\/watch?v=bXtXbIiTDOY\">https:\/\/www.youtube.com\/watch?v=bXtXbIiTDOY<\/a><\/li>\n<\/ul>\n<ul>\n<li>Sacoor Brothers \u00a0\u00a0\u2013 <a href=\"https:\/\/www.youtube.com\/watch?v=ONUfxVWIrSY\">https:\/\/www.youtube.com\/watch?v=ONUfxVWIrSY<\/a><\/li>\n<\/ul>\n<ul>\n<li>L&#8217;Or\u00e9al \u2013\u00a0<a href=\"https:\/\/www.youtube.com\/watch?v=H0oGC1otx58\">https:\/\/www.youtube.com\/watch?v=H0oGC1otx58<\/a><\/li>\n<\/ul>\n<ul>\n<li>L&#8217;Or\u00e9al \u2013 <a href=\"https:\/\/www.youtube.com\/watch?v=lUkY2OPHW9w\">https:\/\/www.youtube.com\/watch?v=lUkY2OPHW9w<\/a><\/li>\n<\/ul>\n<ul>\n<li>Persil &#8211; <a href=\"https:\/\/www.youtube.com\/watch?v=22PIjjMG5nc&amp;feature=youtu.be\">https:\/\/www.youtube.com\/watch?v=22PIjjMG5nc&amp;feature=youtu.be<\/a><\/li>\n<\/ul>\n<ul>\n<li>Movimento This Girl Can \u00a0\u00a0\u00a0&#8211; <a href=\"https:\/\/www.youtube.com\/watch?v=jsP0W7-tEOc&amp;feature=youtu.be\">https:\/\/www.youtube.com\/watch?v=jsP0W7-tEOc&amp;feature=youtu.be<\/a><\/li>\n<\/ul>\n<ul>\n<li>Meo Sele\u00e7\u00e3o com Cristiano Ronaldo &#8211; <a href=\"https:\/\/www.youtube.com\/watch?v=lEfZuSlfawc\">https:\/\/www.youtube.com\/watch?v=lEfZuSlfawc<\/a><\/li>\n<\/ul>\n<\/div><\/div><\/div><\/div><\/div><div class=\"vc_col-sm-3 wpb_column vc_column_container\"><div class=\"vc_column-inner\"><div class=\"wpb_wrapper\">[vc_wp_custommenu nav_menu=&#8221;55&#8243;]<\/div><\/div><\/div><\/div><\/div><\/section>\n","protected":false},"excerpt":{"rendered":"Compararmo-nos com as pessoas que vemos na publicidade e nos restantes meios de comunica\u00e7\u00e3o pode influenciar a nossa imagem corporal. Ter uma imagem corporal pobre pode afetar de forma significativa a sa\u00fade e o bem-estar e \u00e9 um obst\u00e1culo a uma aprendizagem eficaz, participa\u00e7\u00e3o ativa (particularmente na atividade f\u00edsica), aspira\u00e7\u00f5es e realiza\u00e7\u00e3o pessoal. Este recurso...","protected":false},"author":1,"featured_media":0,"parent":5993,"menu_order":0,"comment_status":"closed","ping_status":"closed","template":"","meta":{"_monsterinsights_skip_tracking":false,"_monsterinsights_sitenote_active":false,"_monsterinsights_sitenote_note":"","_monsterinsights_sitenote_category":0},"_links":{"self":[{"href":"https:\/\/apan.pt\/mediasmart\/wp-json\/wp\/v2\/pages\/6627"}],"collection":[{"href":"https:\/\/apan.pt\/mediasmart\/wp-json\/wp\/v2\/pages"}],"about":[{"href":"https:\/\/apan.pt\/mediasmart\/wp-json\/wp\/v2\/types\/page"}],"author":[{"embeddable":true,"href":"https:\/\/apan.pt\/mediasmart\/wp-json\/wp\/v2\/users\/1"}],"replies":[{"embeddable":true,"href":"https:\/\/apan.pt\/mediasmart\/wp-json\/wp\/v2\/comments?post=6627"}],"version-history":[{"count":10,"href":"https:\/\/apan.pt\/mediasmart\/wp-json\/wp\/v2\/pages\/6627\/revisions"}],"predecessor-version":[{"id":7369,"href":"https:\/\/apan.pt\/mediasmart\/wp-json\/wp\/v2\/pages\/6627\/revisions\/7369"}],"up":[{"embeddable":true,"href":"https:\/\/apan.pt\/mediasmart\/wp-json\/wp\/v2\/pages\/5993"}],"wp:attachment":[{"href":"https:\/\/apan.pt\/mediasmart\/wp-json\/wp\/v2\/media?parent=6627"}],"curies":[{"name":"wp","href":"https:\/\/api.w.org\/{rel}","templated":true}]}}