{"id":6761,"date":"2016-09-22T04:41:44","date_gmt":"2016-09-22T04:41:44","guid":{"rendered":"http:\/\/mediasmart.mailayout.com\/?page_id=6761"},"modified":"2021-02-02T19:23:41","modified_gmt":"2021-02-02T19:23:41","slug":"modulo-digital","status":"publish","type":"page","link":"https:\/\/apan.pt\/mediasmart\/professores\/modulo-digital\/","title":{"rendered":"M\u00f3dulo Digital"},"content":{"rendered":"<section class=\"l-section wpb_row height_medium\"><div class=\"l-section-h i-cf\"><div class=\"g-cols vc_row via_flex valign_top type_default stacking_default\"><div class=\"vc_col-sm-9 wpb_column vc_column_container\"><div class=\"vc_column-inner\"><div class=\"wpb_wrapper\"><div class=\"wpb_text_column\"><div class=\"wpb_wrapper\"><p>Caracterizado por uma forte componente interativa, este M\u00f3dulo Digital integra um conjunto alargado de conte\u00fados pedag\u00f3gicos sobre a promo\u00e7\u00e3o de produtos, marcas ou servi\u00e7os na Internet e noutras plataformas digitais, como os telem\u00f3veis, emails ou jogos.<\/p>\n<p>Em linha com os objetivos estruturais do Programa Media Smart, este m\u00f3dulo visa ajudar as crian\u00e7as a reconhecer e compreender a publicidade no meio digital, cada vez mais utilizado por empresas e organiza\u00e7\u00f5es para atingir de forma personalizada as crian\u00e7as, num ambiente em que \u00e9 mais dif\u00edcil distinguir os conte\u00fados das mensagens publicit\u00e1rias. Aceda <a href=\"http:\/\/digital.mediasmart.com.pt\/pt\/\">aqui<\/a>.<u><br \/>\n<\/u><\/p>\n<\/div><\/div><\/div><\/div><\/div><div class=\"vc_col-sm-3 wpb_column vc_column_container\"><div class=\"vc_column-inner\"><div class=\"wpb_wrapper\">[vc_wp_custommenu nav_menu=&#8221;55&#8243;]<\/div><\/div><\/div><\/div><\/div><\/section>\n","protected":false},"excerpt":{"rendered":"Caracterizado por uma forte componente interativa, este M\u00f3dulo Digital integra um conjunto alargado de conte\u00fados pedag\u00f3gicos sobre a promo\u00e7\u00e3o de produtos, marcas ou servi\u00e7os na Internet e noutras plataformas digitais, como os telem\u00f3veis, emails ou jogos. Em linha com os objetivos estruturais do Programa Media Smart, este m\u00f3dulo visa ajudar as crian\u00e7as a reconhecer e...","protected":false},"author":1,"featured_media":0,"parent":5993,"menu_order":0,"comment_status":"closed","ping_status":"closed","template":"","meta":{"_monsterinsights_skip_tracking":false,"_monsterinsights_sitenote_active":false,"_monsterinsights_sitenote_note":"","_monsterinsights_sitenote_category":0},"_links":{"self":[{"href":"https:\/\/apan.pt\/mediasmart\/wp-json\/wp\/v2\/pages\/6761"}],"collection":[{"href":"https:\/\/apan.pt\/mediasmart\/wp-json\/wp\/v2\/pages"}],"about":[{"href":"https:\/\/apan.pt\/mediasmart\/wp-json\/wp\/v2\/types\/page"}],"author":[{"embeddable":true,"href":"https:\/\/apan.pt\/mediasmart\/wp-json\/wp\/v2\/users\/1"}],"replies":[{"embeddable":true,"href":"https:\/\/apan.pt\/mediasmart\/wp-json\/wp\/v2\/comments?post=6761"}],"version-history":[{"count":1,"href":"https:\/\/apan.pt\/mediasmart\/wp-json\/wp\/v2\/pages\/6761\/revisions"}],"predecessor-version":[{"id":6762,"href":"https:\/\/apan.pt\/mediasmart\/wp-json\/wp\/v2\/pages\/6761\/revisions\/6762"}],"up":[{"embeddable":true,"href":"https:\/\/apan.pt\/mediasmart\/wp-json\/wp\/v2\/pages\/5993"}],"wp:attachment":[{"href":"https:\/\/apan.pt\/mediasmart\/wp-json\/wp\/v2\/media?parent=6761"}],"curies":[{"name":"wp","href":"https:\/\/api.w.org\/{rel}","templated":true}]}}